3. Let s(o) be the first derivative of q(o). What is s(7)?
15
Let r(x) = -x**2 - 15*x + 4. Let z be (-825)/(-330)*(2 + 72/(-15)). Calculate r(z).
60
Suppose -4*z + 4*c + 44 = 0, 262*z + 19 = 266*z + c. Let p(b) be the second derivative of -b**5/20 + b**4/2 - b**3/2 - 5*b**2/2 - 3*b. Determine p(z).
-23
Suppose 4 = -4*u + 83*o - 82*o, -4*u = -4*o - 44. Let f(p) = -4*p - p**2 - 3 + 3. What is f(u)?
-5
Suppose 2*z - 4*h = -68, -2*h - 124 - 18 = 3*z. Let g = -46 - z. Let i(f) = f**2 + f + 1. What is i(g)?
3
Let a(f) be the third derivative of f**5/60 - 5*f**4/24 + 2*f**3/3 + 45*f**2 + 7*f + 3. Give a(7).
18
Let v(g) = -g**3 + 5*g**2 - 7*g + 26. Let k(i) = -i**2 - 28*i - 182. Let w be k(-17). Give v(w).
-9
Let m be (-202)/(-606) + 4/6. Let u(z) = -16*z + 4. What is u(m)?
-12
Let g(q) = -q**2 - 14*q + 55. Suppose 27*c + 630 = -8*c. Determine g(c).
-17
Let j(g) = -17*g**2 - 18*g. Let n(z) = 8*z**2 + 9*z. Let h(v) = -6*j(v) - 13*n(v). Suppose 541*b - 1241 + 3566 = -1462. What is h(b)?
-35
Let n(i) = i**2 - 15*i - 16. Suppose h - 7*f = -5*f + 12, -3*f = 4*h - 48. Determine n(h).
-52
Let k(f) = f + 7. Let u(i) = -5*i + 3*i + 7 + 3*i + 1. Let z(v) = -2*k(v) + 3*u(v). Calculate z(-9).
1
Let y(g) = g**3 - 8*g**2 - 5*g - 13. Suppose -n + 2*h + 147 = 0, 3*n = h - 66 + 522. Suppose -151*w + 134*w + n = 0. Give y(w).
23
Let t(d) = 2*d**2 + 5*d + 3. Let s be 64/10 - 40/100. Let a(i) = -1 - 8*i - s + 4. Let w be a(0). Determine t(w).
6
Let q(h) be the first derivative of h**4/4 + h**3 + 7*h**2/2 - 837. Determine q(-3).
-21
Suppose -2*h - 5*u = -0*h + 13, -5*u = h + 19. Let z be (-3)/(63/(-237)) - 4/14. Let k(c) = -13 + 8*c - 9*c + z. Calculate k(h).
-8
Let v = -40465 - -40455. Let l(y) = -2*y**2 - 23*y - 31. Calculate l(v).
-1
Suppose 26*d - d + 2*d - 621 = 0. Let j(y) be the third derivative of 25/6*y**3 - 1/24*y**4 + 0*y + 0 + d*y**2. Give j(0).
25
Let w(s) be the third derivative of -s**6/120 - s**5/20 + s**4/12 - 5*s**3/6 + 50*s**2 + 23*s. Let z be 1 + 5*-1 - 0. Calculate w(z).
3
Let t(d) = -d + 1. Let z(y) = -8*y**2 + 3 + y**3 - 7 - 3 - 8*y. Let o be z(9). Suppose 4*h + o*m - 6 = 0, -m + 4*m + 35 = 5*h. Determine t(h).
-3
Let b(t) be the second derivative of 7*t**2 + 1/12*t**4 + 2*t**3 - 26 - t. What is b(-11)?
3
Let v(y) = -y**3 + 3*y**2 - 19*y + 112. Let o(p) = -p**3 + 2*p**2 - 20*p + 111. Let f(r) = 5*o(r) - 6*v(r). Let t be f(8). Let g(x) = -5*x - 15. What is g(t)?
10
Let w(c) be the second derivative of -c**3 - c**2 + 894*c. Determine w(3).
-20
Let g(q) be the third derivative of -q**5/60 - 5*q**4/8 - q**3/6 + 2*q**2 - 1561. Suppose 57*l - 54*l + 42 = 0. Give g(l).
13
Suppose -7 = 22*f - 117. Let h(c) = -c**2 + 17*c - 65. Let q be h(f). Let d(i) = -i**2 - 6*i - 4. Determine d(q).
1
Let b(i) = -10*i + 11*i - 8*i + 2*i - 11. Calculate b(6).
-41
Let g(k) = -k**2 - 6*k - 1. Let l be 2 + 0 + (3 - (3 + -1)). Suppose -2*z - 12 = -l*d - 4*z, 3*d + 5*z - 12 = 0. Suppose d = 3*s + 19. What is g(s)?
4
Suppose -2*f = -32 + 44. Let z(y) = -10*y**2 - 35*y - 24. Let q(j) = 7*j**2 + 24*j + 16. Let v(b) = -7*q(b) - 5*z(b). Calculate v(f).
2
Let f(m) = -19*m - 164. Let x(g) = 11*g + 90. Let j(u) = 4*f(u) + 7*x(u). Calculate j(30).
4
Let c(p) = 4*p + 1. Let j = 2 - 5. Let g(o) = -1488*o - 48. Let z(b) = 220*b + 7. Let n(v) = 4*g(v) + 27*z(v). Let q(w) = j*n(w) - 8*c(w). Give q(-1).
-3
Let m be -2 - ((-3 - 6) + 1). Let t(n) = n**3 - 8 - 4*n**2 - 22 + n + 17 - m*n**2. Let c be t(10). Let d(o) = -o**3 - 3*o**2 - 2*o - 1. What is d(c)?
5
Let h be ((1 + -5)/(-1))/(-1) - (-32 - -36). Let j(p) = p**3 + 8*p**2 + 5*p - 7. Determine j(h).
-47
Let q(m) be the third derivative of m**6/120 - 4*m**5/15 - 2*m**4/3 - 7*m**3/6 + m**2 - 1222*m. Calculate q(17).
10
Let a(s) = 35*s + 3. Suppose -c + 2*l + 1 = 0, 0 = -c - 5*l + 312 - 318. Give a(c).
-32
Let t(m) be the third derivative of -109*m**2 + 19/6*m**3 + 1/24*m**4 + 2 + 0*m. Calculate t(-14).
5
Let b be (2/4)/((-158)/1580). Let g(y) = 2*y**2 + 11*y. Calculate g(b).
-5
Let c(f) = f + 2. Let r be (8/(-40))/(4 - 81/20). Let q(t) = -5 + 4 + 2*t - 3*t. Let g(o) = r*c(o) + 3*q(o). Give g(-5).
0
Let r(t) = -t**3 - 11*t**2 - 10*t + 1. Let w be r(-10). Let l(m) = -3 - m**2 + w + 7 - 23*m + 19*m. Suppose -4*n + 3 = 31. Give l(n).
-16
Let k(q) = q**3 - 45*q**2 + 46*q - 85. Let f be k(44). Let t(p) = -3*p**2 - 4 + 2*p**3 - f*p**2 + 3*p + p**2 + 6. Determine t(3).
20
Let z(r) = 48*r + 33. Let w(o) = -3*o - 2. Let m(j) = 33*w(j) + 2*z(j). Suppose 28 = 8*u + 28. Let g(q) = 31*q + 2. Let s be g(u). What is m(s)?
-6
Let m(k) = 18*k**2 + 135*k + 138. Let w(a) = 22*a**2 + 136*a + 138. Let j(p) = 6*m(p) - 5*w(p). Determine j(66).
6
Suppose 489 = -460*x - 29*x. Let g(w) = 17*w**2 - 14*w - 14. Give g(x).
17
Let r(s) be the second derivative of s**3/3 - 11*s - 7. Let h(w) = w**2 - 13*w. Let o be h(13). What is r(o)?
0
Let v be (27/18)/(6/(-660)). Let r = 156 + v. Let y(p) = -p**3 - 10*p**2 - 12*p - 13. Determine y(r).
14
Let u(m) = -m**3 + 15*m**2 - 36*m. Let y be u(12). Let z(p) be the third derivative of 1/24*p**4 + 4*p**2 + 0 + y*p + 1/3*p**3. Determine z(-4).
-2
Let g be 310/35 - 1/(-7). Let r(m) = g*m**2 - 21*m + 1 - 13*m + 33*m. Give r(1).
9
Let z(y) = 18*y + 2*y - y**2 - 1244057 + 1244068. Calculate z(22).
-33
Let m(k) = -k - 17. Let g(s) = 1. Suppose i - 3*l = -1 + 59, 2*i = 3*l + 110. Let x = 58 - i. Let w(b) = x*g(b) - m(b). What is w(0)?
23
Let y(b) be the second derivative of 3*b**3/2 + 23*b**2/2 + 4*b - 18. Determine y(-3).
-4
Let w(h) be the first derivative of h**2/2 - 48*h - 3. Let p be (336/(-21))/32*0. Determine w(p).
-48
Let b(v) = -v**3 - 7*v**2 - v + 6. Let n(x) = -2*x**2 - 48*x - 44. Suppose -c + 5 = 28. Let p be n(c). Let z(f) = -9*f + 11. Let a be z(p). Determine b(a).
13
Let s(i) = i**3 + 6*i**2 + 5*i + 4. Suppose -340*p - 35 = -335*p. Let x be (132/p)/4 - (-4)/(-14). Calculate s(x).
4
Let b be (25/(-3))/((-7)/(100 + 5)). Suppose -b*m = -124*m - 11. Let h(a) = a**2 - 11*a + 11. What is h(m)?
11
Let u(n) = n + 2. Suppose -12*l = -7*l - 20. Suppose 12*a - 40 = l*a. Suppose -2*s + 4*w = -0*s + 14, a*s + 4*w = -21. What is u(s)?
-3
Let q(u) = 30*u + 397. Let r(j) = -j - 1. Let h(z) = -q(z) - 6*r(z). Let l be h(-16). Let b(m) = m**3 + 6*m**2 - 9*m + 7. Determine b(l).
21
Suppose 799*t + 1092 = 805*t. Let a = t + -172. Let q(v) = -v**2 + 8*v + 19. Determine q(a).
-1
Suppose -5*b + 313 = 303. Let s(i) = -2*i + 2 + 3*i**2 - 2*i**2 + 3*i**b - 5*i**2. Suppose -25 + 10 = 5*c. Determine s(c).
-1
Let r(f) = -3*f**2 - 2*f + 1. Let i(j) = 20*j**2 - 20*j - 5. Let o(z) = i(z) + 5*r(z). Give o(6).
0
Let x(p) = -p - 2. Let t = 272 - 269. Suppose 0 = -t*h + 7*h. What is x(h)?
-2
Let n = 10325 + -10323. Let o(s) = 5*s + 3. Let k(i) be the third derivative of -i**4/6 - i**3/3 - i**2. Let v(c) = n*o(c) + 3*k(c). Determine v(5).
-10
Let q(w) = -2*w + 4. Let a(m) = m - 2. Let j = -38 - -67. Let p = j - 39. Let r(i) = p*a(i) - 4*q(i). Give r(-7).
18
Let d(x) = 4*x. Let z = 8 - 14. Let o = z - -10. Suppose 5*w + 5*c = 15, 0*w + o*c = 3*w - 2. Determine d(w).
8
Let p(g) = g**3 + 7*g**2 + 54*g + 227. Let u be p(-5). Let o(v) = v**3 - 9*v**2 + 8*v + 11. Give o(u).
-31
Suppose 18 = 12*n - 18. Let p(w) = -1 + 11*w**3 - 7*w**3 + 5*w**2 - 4*w**n + w**3. Determine p(-4).
15
Let f be 4/(-10) + 231/15. Let d(z) = 55*z**2 + 2*z + 2 + 3 - f*z - 54*z**2. Give d(10).
-25
Let u be -5*(-6)/(-10) - (-1 - -229). Let j = -227 - u. Let r(g) = g**3 - 4*g**2 + 4*g + 2. Give r(j).
18
Let g(c) = 2*c**3 - 6*c**2 - 5*c - 1. Let k(m) = m**3 + 40*m**2 + 2*m + 85. Let v be k(-40). What is g(v)?
74
Let i(w) = 6 + 6*w + 26 - 39. Determine i(-5).
-37
Let j(u) = u**3 + 7*u**2 - 3*u - 12. Suppose 5*i - 25 = -5*o, o + 4*i - 23 + 3 = 0. Suppose 9*v + 66 - 3 = o. Determine j(v).
9
Let w(y) = y - 10. Let c(p) be the second derivative of -5*p**3/6 - 111*p**2/2 + 22*p. Let l be c(-24). What is w(l)?
-1
Let s(w) = w**2 + 8*w - 1. Suppose -354 - 141 = -5*m. Suppose 5*q = -r + m, -4*r = -r + 3*q - 237. Let c = r + -81. What is s(c)?
-8
Let q(c) = -c**2 - 9*c + 9. Let g be (-5)/4*(-4)/1. Suppose 3*y + 5 = g*i, 5*i = -y + i - 30. Calculate q(y).
-1
Let z(q) = 606 + 19017*q**2 - 9513*q**2 + 62*q - 9503*q**2. Calculate z(-50).
6
Let l be (9*1)/((-3)/(-2)). Let k(h) be the third derivative of 5/6*h**